ose -3*k = 5*v + 13, 0 = -4*v + k - 6 - 1. Let z(m) = -21*m - 15. Let r(i) = 3*i + 2. Let o(c) = -15*r(c) - 2*z(c). What is o(v)?
6
Let h = 0 - -6. Let k be (-4)/h + (-6)/(-9). Let o(b) be the second derivative of b**4/12 + b**3/6 - 7*b**2/2 - b. Calculate o(k).
-7
Let o(y) be the third derivative of y**5/60 - y**4/24 - y**3 - 9*y**2. Let g(h) be the first derivative of o(h). Calculate g(-3).
-7
Let r(m) = -m**2 - 30 - 5*m + 19 + 5*m. Give r(0).
-11
Suppose 0*o - 6*o + 12 = 0. Let p(u) be the third derivative of -1/20*u**5 + 0*u + 0 - 1/6*u**4 + 2*u**o - 1/2*u**3. Calculate p(-2).
-7
Let o(i) be the third derivative of i**7/1680 + i**6/80 + i**5/15 + 3*i**2. Let g(q) be the third derivative of o(q). What is g(-6)?
-9
Let n(k) = 3*k + 5. Let o(s) = -4*s - 6. Let r(i) = -7*n(i) - 6*o(i). Suppose 2*t + 0*t - 2*j = -10, -4*j + 23 = -5*t. Determine r(t).
-8
Let l(w) be the third derivative of w**4/8 - w**3 + w**2. Determine l(4).
6
Let q(w) be the third derivative of -w**4/24 - 7*w**3/6 + 5*w**2. Suppose -5*c = -2*c - 6. Suppose 6 = -5*h + 5*i - 9, c*h = -5*i - 6. Determine q(h).
-4
Let z(a) = -8*a**3 + 2*a**2 + 2*a + 1. Let l = 32 - 33. What is z(l)?
9
Let w(q) = 4*q**3 + q**2 - 5*q. Let b(c) = -5*c**3 - c**2 + 5*c - 1. Let j(u) = -3*b(u) - 4*w(u). Suppose 0 = t - 0 - 2. Suppose -t*s - 2 = 4. Calculate j(s).
6
Let s(y) = 9*y**3 - 7*y**2 - 11*y + 9. Let f be 4/((-3)/((-6)/(-4))). Let d(z) = -4*z**3 + 3*z**2 + 5*z - 4. Let j(o) = f*s(o) - 5*d(o). Calculate j(2).
8
Suppose -2*n - 20 = -4*j, -3*n = -3*j + n + 25. Let w(p) = 4 - 4*p + 2*p**2 + j*p**2 - 4*p**2. Suppose -4*f - 16 = -8*f. Calculate w(f).
4
Let y(j) be the first derivative of j + 1/2*j**2 + 1. Suppose 12 = -4*b - 0*b. Give y(b).
-2
Let d(v) = v. Let y(p) = p**2 + 7*p - 4. Let a(t) = -4*d(t) + y(t). What is a(-3)?
-4
Let d(o) = o**2 - o. Let p be d(1). Let r(i) = 24 - 9 - 4*i + 0*i + 3*i. Give r(p).
15
Suppose -18 = -4*m + 14. Let q(v) = 10*v + 8*v**2 - v - m*v. What is q(-1)?
7
Suppose 15 = 3*t + 2*t. Let b(z) = -z**3 + 2*z**2 - z + 4. What is b(t)?
-8
Let z = 17 - 13. Let c(r) = r**3 - 3*r**2 - r - 2. Give c(z).
10
Let f(t) = t - 2. Let u be 48/60*15/(-2). Determine f(u).
-8
Let y(t) be the third derivative of 0 - 7/720*t**6 + 0*t + 1/120*t**5 - 1/12*t**4 + 0*t**3 - 3*t**2. Let k(p) be the second derivative of y(p). Calculate k(1).
-6
Let a(f) = -f**3 + 4*f**2 + 4*f + 7. Let c be a(5). Let s(g) = -3 - g**c + 7 - 7 - 4*g. Let r be 1 + 0 + -3 + -1. Determine s(r).
0
Let x be (3 + -2)/((-8)/32) + 4. Let y(n) = -n**3 - 12. Calculate y(x).
-12
Let d be ((-2)/(-3))/((-9)/(-135)). Let i be (38/d + -3)*-5. Let p(g) = 2*g**2 - 3*g**2 - 4*g + 4 - 3. Calculate p(i).
1
Let b be 5/2*(-8)/(-4). Let w = b - 2. Suppose -3*p + 0*p - 13 = -2*t, w*p - 5*t = -19. Let h(z) = -z**2 - 3*z. Determine h(p).
0
Let r(a) be the third derivative of -a**4/24 + 11*a**3/6 - 4*a**2. Calculate r(6).
5
Let p(w) = -2*w - 1. Suppose 0*m = -3*m + 3. Let u(o) = -o + 1. Let d(x) = m*p(x) - u(x). Suppose 3*s = 2 + 10. Give d(s).
-6
Suppose 9*q - 8*q + 2 = 0. Let o(a) be the first derivative of -a**4/4 - 4*a**3/3 - 2*a + 4. Determine o(q).
-10
Suppose -3*m - 2 = 1. Let u(z) = z - 3. Let c(t) = -t + 1. Let o(b) = -5*c(b) - 2*u(b). Calculate o(m).
-2
Let b(t) = t**3 - 5*t**2 + t - 1. Let u be 6/27 - (-794)/(-9). Let v be u/(-20) - 4/10. Calculate b(v).
-13
Suppose 4*v = -2*x + 54, 3*x + x - 18 = -2*v. Suppose 0 = 2*c + c - v. Let y(r) = 2 + 0*r + c*r - 5 + 6. What is y(-2)?
-7
Let p(m) = -3 - 98*m + 35*m + 31*m + 38*m + m**2. Determine p(-6).
-3
Let k(y) be the first derivative of -y**4/4 - 2*y**3/3 + y**2 - 2*y + 6. Give k(-3).
1
Let k(l) be the first derivative of -1/2*l**2 - 2 - l. Calculate k(4).
-5
Let r(z) = -z + 1. Let y(h) = -2*h + 1. Let f be y(4). Let m = f - -11. What is r(m)?
-3
Let k = 5 - 4. Let d be 0/((k - 2)*2). Let g(b) = b**3 + b**2 + b - 5. Determine g(d).
-5
Let z(m) = -1 - 3*m + 3*m - m. Determine z(3).
-4
Let i(b) be the second derivative of 13*b**3/6 - b**2/2 - 44*b. Give i(1).
12
Let l(q) be the first derivative of -q**4/4 - 3*q**3 - 9*q**2/2 - 16. Determine l(-8).
8
Let w(s) = 4 - s + 2*s**2 - 12*s**2 + 6*s**2 + s**3 + 5*s**2. Calculate w(0).
4
Suppose 4*n + 12 = n. Let r(y) be the first derivative of y**2/2 + 4*y - 1. Determine r(n).
0
Let v(x) = x**2 - x - 9. Let q be v(4). Let c(a) = 4*a - 10*a + a**q + 15*a - 4 - 8*a**2. Determine c(7).
10
Let z(t) = 3*t - 6. Let q = -11 - -15. Determine z(q).
6
Let a(y) = 4*y. Suppose -4*w - 2*f = -7*f + 2, 5*f = 10. Give a(w).
8
Suppose 0 = -3*o - v + 37, -o + 29 = 3*v - 6*v. Let g be (-14)/4 + (-7)/o. Let z(d) = -1 + 2 + 2 + 4*d. What is z(g)?
-13
Suppose -8 = -2*m - 4. Let q(g) = 3 - 4 + 0*g + m - g. Calculate q(-1).
2
Let j(p) = -13 + 37 - 3*p + p**2 - 21. Give j(3).
3
Let t(q) = -3*q**2 - 4*q + 1. Let o be t(-3). Let h = o + 8. Let x(c) = -2*c - 8. Give x(h).
4
Let u(q) = -q + 1 - q**2 - 5*q - 3*q - 6. Give u(-8).
3
Let h(o) = -o**2 + 5*o. Let s be h(6). Let g(m) = -m**3 - 5*m**2 + 5*m + 6. Calculate g(s).
12
Let n(g) = 16*g - 7*g + g. Calculate n(1).
10
Let u(s) = -4*s - 3. Let w = -64 + 46. Let n be (7/(-21))/((-2)/w). What is u(n)?
9
Suppose 0*x + 4*o - 14 = -3*x, 2*x = 3*o - 2. Let u(d) = 0*d + 3*d**2 + 0*d - 3*d. Determine u(x).
6
Let c(w) = -w - 5. Let p = -11 + 8. Let s(d) = -d - 6. Let g(r) = p*s(r) + 4*c(r). Determine g(3).
-5
Let n(a) = -5 + 3 + 3*a + 0*a. Suppose 0 = -x - x. Suppose x*p - 2 = -p. What is n(p)?
4
Let f(q) be the second derivative of q**3/6 + 5*q**2 + 5*q. Give f(-5).
5
Let s(a) = -a**2 + 3*a + 5. Suppose -5*m = -0*m - 3*w - 26, 2*m + 3*w - 2 = 0. Calculate s(m).
1
Suppose -2*x + 2*b = b - 7, -17 = -5*x + 3*b. Let h be (6/15)/(x/10). Let o(i) = -i. Give o(h).
-1
Let v(w) = w**2 + w - 5. Let a be v(-3). Let f be (5 + a)/(3/2). Let i(c) = -2*c - 2 + 0*c + 1. Determine i(f).
-9
Let j(f) = 7*f - 9. Let x be j(2). Let i(y) = y**3 - 6*y**2 + 5*y - 3. Give i(x).
-3
Let f(w) be the third derivative of -7*w**4/24 - w**3/6 - 19*w**2. Calculate f(1).
-8
Suppose -r - 11 = 2*g, g = 4*r - 0*r + 26. Let s(u) = -10 + u**3 + u**2 + 10*u**2 - 4*u**2 - 2*u. Give s(r).
4
Let l be (-4 - -8 - 2) + 2. Let f(s) = -s**2 - s + 1. Determine f(l).
-19
Let t be 1/4 + (-9)/4. Let i be -4*1*5/(-20). Let r = t - i. Let j(u) = -u - 2. Give j(r).
1
Let z(u) = 10*u**3 - 1. Let o be ((-2)/(-4))/(3/18). Suppose 0 = o*a + x - 1, 2*a = 4*x - 3*x - 6. Give z(a).
-11
Suppose 0 = b - 2*q + 2 - 0, 2*b - 2*q - 2 = 0. Let a(k) = k**2 - 5*k + 3. Determine a(b).
-1
Suppose 11 = -b + 4. Let s(o) = -o - 2. What is s(b)?
5
Let c(b) = b**3 - 5*b**2 - b - 1. Suppose 0*w - 4*w = -44. Let r = -6 + w. Give c(r).
-6
Let c(o) = -o + 2. Let s(g) = -g + 3. Suppose 3*l + 5*f = 5, -4*l + 4*f = l + 41. Let q(z) = l*s(z) + 4*c(z). Suppose 0*d + d = 0. Calculate q(d).
-7
Let u(p) = -4*p - 7. Let z be ((-4)/(-10))/(2/(-10)). Let v(q) = -3*q - 8. Let o = -1 - -4. Let w(s) = o*v(s) + z*u(s). Calculate w(-5).
-5
Let v(w) = -3*w**2 - 3*w**2 + 6*w + 5*w**2 - 6. Give v(4).
2
Let s(m) = 14*m**2 + 2*m + 6*m**2 - 21*m**2. Determine s(2).
0
Let j(a) = -8 + a - 3 + 3 + 4. Let d(g) = 5 + g**2 + 3*g**3 + 5*g**2 - 4*g**3. Let u be d(6). Give j(u).
1
Let k(j) = j - 4. Suppose 7 + 2 = -3*x. Let h = 3 + x. Let p be h/((-9)/3) + 3. What is k(p)?
-1
Suppose 5*r - 19 - 1 = 0. Let j(p) be the second derivative of p**5/20 - 5*p**4/12 + 2*p**3/3 - 2*p**2 + 5*p. Calculate j(r).
-4
Suppose d - 53 = 4*r, -4*d = 2*r - 3*d + 31. Let i be r/6 - (-2)/6. Let t(s) be the second derivative of -s**4/12 + s**3/2 + 3*s**2/2 + 3*s. Give t(i).
-7
Let w(q) = q + 5. Let l(h) = 4*h + 64. Let a be l(-16). Give w(a).
5
Let o(t) = -t**3 - 6*t**2 - 4*t + 3. Let w = -19 + 14. Determine o(w).
-2
Suppose -v + 18 = -4*v. Let c(o) = o**2 + 7*o + 4. Let b be c(v). Let m = 2 + b. Let l(a) = -a - 6. Give l(m).
-6
Let i(n) = -n**2 + 7*n - 3. Let d(x) = -10*x + 1. Let r be d(1). Let p be (30/r)/(6/(-9)). Suppose h = -3*k - p, -1 = 2*h + 4*k + 3. Calculate i(h).
9
Let p(v) = v**3 + 7*v**2 + 5*v + 1. Let i be 5 + -7 - 1/(-1). Let m be (1 - -4) + (-3 - -1). Let b be i*(m + 1) - 2. Calculate p(b).
7
Let y = 12 + -10. Suppose -6*j + 20 = -y*j. Let f(v) = 7*v - 3 - 3*v - 3*v. Determine f(j).
2
Let m be (-45)/(-10)*2/3. Let h(z) be the second derivative of 